{"id":21,"date":"2021-05-22T17:31:20","date_gmt":"2021-05-22T17:31:20","guid":{"rendered":"http:\/\/reel-life.de\/?page_id=21"},"modified":"2022-03-21T14:42:31","modified_gmt":"2022-03-21T14:42:31","slug":"work","status":"publish","type":"page","link":"http:\/\/reel-life.de\/?page_id=21","title":{"rendered":"Work."},"content":{"rendered":"\n<p><strong>FADUMO ODER DAS VERM\u00c4CHTNIS<\/strong><\/p>\n\n\n\n<p><strong>Dokumentarfilm von Johannes Rosenstein (2021)<\/strong> | Premiere: International Film Festival Abuja\/Nigera (November 2021)<\/p>\n\n\n\n<figure class=\"wp-block-image size-large\"><img loading=\"lazy\" width=\"723\" height=\"1024\" src=\"http:\/\/reel-life.de\/wp-content\/uploads\/2022\/03\/fadumo_plakat_englisch_small220321-723x1024.jpg\" alt=\"\" class=\"wp-image-71\" srcset=\"http:\/\/reel-life.de\/wp-content\/uploads\/2022\/03\/fadumo_plakat_englisch_small220321-723x1024.jpg 723w, http:\/\/reel-life.de\/wp-content\/uploads\/2022\/03\/fadumo_plakat_englisch_small220321-212x300.jpg 212w, http:\/\/reel-life.de\/wp-content\/uploads\/2022\/03\/fadumo_plakat_englisch_small220321-768x1087.jpg 768w, http:\/\/reel-life.de\/wp-content\/uploads\/2022\/03\/fadumo_plakat_englisch_small220321-1085x1536.jpg 1085w, http:\/\/reel-life.de\/wp-content\/uploads\/2022\/03\/fadumo_plakat_englisch_small220321.jpg 1403w\" sizes=\"(max-width: 723px) 100vw, 723px\" \/><\/figure>\n\n\n\n<p>1980 rettet die M\u00fcnchner \u00c4rztin Luitgard Wiest w\u00e4hrend eines Einsatzes f\u00fcr die Hilfsorganisation Cap Anamur in (damals) Somalia die 7j\u00e4hrige Fadumo vor dem sicheren Tod. Das M\u00e4dchen lebt bei ihr in M\u00fcnchen und kehrt nach \u00fcber 20 Operationen zu ihrer Mutter in Ostafrika zur\u00fcck. Vierzig Jahre sp\u00e4ter bricht Luitgard nach Somaliland auf, um vor Ort nach der jungen Frau zu suchen. Denn das hat sie ihrem Sohn Konstantin versprochen. Als Konstantin \u00fcberraschend verstirbt, m\u00f6chte Luitgard dieses Versprechen einl\u00f6sen. Doch weil die Suche ergebnislos verl\u00e4uft, muss sich die mittlerweile 80j\u00e4hrige auf andere Weise mit ihrem Schicksal vers\u00f6hnen. Ein Film \u00fcber die schwierigste Suche \u00fcberhaupt: wie schlie\u00dfe ich Frieden mit meiner Vergangenheit?<\/p>\n","protected":false},"excerpt":{"rendered":"<p>FADUMO ODER DAS VERM\u00c4CHTNIS Dokumentarfilm von Johannes Rosenstein (2021) | Premiere: International Film Festival Abuja\/Nigera (November 2021) 1980 rettet die M\u00fcnchner \u00c4rztin Luitgard Wiest w\u00e4hrend eines Einsatzes f\u00fcr die Hilfsorganisation Cap Anamur in (damals) Somalia die 7j\u00e4hrige Fadumo vor dem sicheren Tod. Das M\u00e4dchen lebt bei ihr in M\u00fcnchen und kehrt nach \u00fcber 20 Operationen&hellip; <a class=\"more-link\" href=\"http:\/\/reel-life.de\/?page_id=21\"><span class=\"screen-reader-text\">Work.<\/span> weiterlesen<\/a><\/p>\n","protected":false},"author":1,"featured_media":0,"parent":0,"menu_order":0,"comment_status":"closed","ping_status":"closed","template":"","meta":[],"_links":{"self":[{"href":"http:\/\/reel-life.de\/index.php?rest_route=\/wp\/v2\/pages\/21"}],"collection":[{"href":"http:\/\/reel-life.de\/index.php?rest_route=\/wp\/v2\/pages"}],"about":[{"href":"http:\/\/reel-life.de\/index.php?rest_route=\/wp\/v2\/types\/page"}],"author":[{"embeddable":true,"href":"http:\/\/reel-life.de\/index.php?rest_route=\/wp\/v2\/users\/1"}],"replies":[{"embeddable":true,"href":"http:\/\/reel-life.de\/index.php?rest_route=%2Fwp%2Fv2%2Fcomments&post=21"}],"version-history":[{"count":9,"href":"http:\/\/reel-life.de\/index.php?rest_route=\/wp\/v2\/pages\/21\/revisions"}],"predecessor-version":[{"id":72,"href":"http:\/\/reel-life.de\/index.php?rest_route=\/wp\/v2\/pages\/21\/revisions\/72"}],"wp:attachment":[{"href":"http:\/\/reel-life.de\/index.php?rest_route=%2Fwp%2Fv2%2Fmedia&parent=21"}],"curies":[{"name":"wp","href":"https:\/\/api.w.org\/{rel}","templated":true}]}}